{"id":66986,"date":"2023-11-13T11:31:47","date_gmt":"2023-11-13T14:31:47","guid":{"rendered":"https:\/\/cbl.org.br\/?post_type=saiu_na_midia&#038;p=66986"},"modified":"2023-11-13T11:31:47","modified_gmt":"2023-11-13T14:31:47","slug":"jabuti-academico-novo-premio-da-camara-brasileira-do-livro-para-2024","status":"publish","type":"saiu_na_midia","link":"https:\/\/cbl.org.br\/es\/saiu_na_midia\/jabuti-academico-novo-premio-da-camara-brasileira-do-livro-para-2024\/","title":{"rendered":"Jabuti Acad\u00eamico: novo pr\u00eamio da C\u00e2mara Brasileira do Livro para 2024"},"content":{"rendered":"","protected":false},"featured_media":0,"template":"","class_list":["post-66986","saiu_na_midia","type-saiu_na_midia","status-publish","hentry"],"acf":[],"_links":{"self":[{"href":"https:\/\/cbl.org.br\/es\/wp-json\/wp\/v2\/saiu_na_midia\/66986","targetHints":{"allow":["GET"]}}],"collection":[{"href":"https:\/\/cbl.org.br\/es\/wp-json\/wp\/v2\/saiu_na_midia"}],"about":[{"href":"https:\/\/cbl.org.br\/es\/wp-json\/wp\/v2\/types\/saiu_na_midia"}],"wp:attachment":[{"href":"https:\/\/cbl.org.br\/es\/wp-json\/wp\/v2\/media?parent=66986"}],"curies":[{"name":"wp","href":"https:\/\/api.w.org\/{rel}","templated":true}]}}

Jabuti Acadêmico: novo prêmio da Câmara Brasileira do Livro para 2024
