{"id":63185,"date":"2023-06-27T09:24:19","date_gmt":"2023-06-27T12:24:19","guid":{"rendered":"https:\/\/cbl.org.br\/?post_type=saiu_na_midia&#038;p=63185"},"modified":"2023-06-27T09:24:19","modified_gmt":"2023-06-27T12:24:19","slug":"sobre-a-serie-historica-da-pesquisa-producao-e-vendas-do-setor-editorial-brasileiro","status":"publish","type":"saiu_na_midia","link":"https:\/\/cbl.org.br\/es\/saiu_na_midia\/sobre-a-serie-historica-da-pesquisa-producao-e-vendas-do-setor-editorial-brasileiro\/","title":{"rendered":"Sobre a s\u00e9rie hist\u00f3rica da Pesquisa Produ\u00e7\u00e3o e Vendas do Setor Editorial Brasileiro"},"content":{"rendered":"","protected":false},"featured_media":0,"template":"","class_list":["post-63185","saiu_na_midia","type-saiu_na_midia","status-publish","hentry"],"acf":[],"_links":{"self":[{"href":"https:\/\/cbl.org.br\/es\/wp-json\/wp\/v2\/saiu_na_midia\/63185","targetHints":{"allow":["GET"]}}],"collection":[{"href":"https:\/\/cbl.org.br\/es\/wp-json\/wp\/v2\/saiu_na_midia"}],"about":[{"href":"https:\/\/cbl.org.br\/es\/wp-json\/wp\/v2\/types\/saiu_na_midia"}],"wp:attachment":[{"href":"https:\/\/cbl.org.br\/es\/wp-json\/wp\/v2\/media?parent=63185"}],"curies":[{"name":"wp","href":"https:\/\/api.w.org\/{rel}","templated":true}]}}

Sobre a série histórica da Pesquisa Produção e Vendas do Setor Editorial Brasileiro
