{"id":69787,"date":"2024-01-30T13:40:39","date_gmt":"2024-01-30T16:40:39","guid":{"rendered":"https:\/\/cbl.org.br\/?post_type=saiu_na_midia&#038;p=69787"},"modified":"2024-02-02T14:41:51","modified_gmt":"2024-02-02T17:41:51","slug":"jabuti-academico-novo-premio-da-camara-brasileira-do-livro-vai-contemplar-obras-cientificas","status":"publish","type":"saiu_na_midia","link":"https:\/\/cbl.org.br\/en\/saiu_na_midia\/jabuti-academico-novo-premio-da-camara-brasileira-do-livro-vai-contemplar-obras-cientificas\/","title":{"rendered":"Jabuti Acad\u00eamico: novo pr\u00eamio da C\u00e2mara Brasileira do Livro vai contemplar obras cient\u00edficas"},"content":{"rendered":"","protected":false},"featured_media":0,"template":"","class_list":["post-69787","saiu_na_midia","type-saiu_na_midia","status-publish","hentry"],"acf":[],"_links":{"self":[{"href":"https:\/\/cbl.org.br\/en\/wp-json\/wp\/v2\/saiu_na_midia\/69787","targetHints":{"allow":["GET"]}}],"collection":[{"href":"https:\/\/cbl.org.br\/en\/wp-json\/wp\/v2\/saiu_na_midia"}],"about":[{"href":"https:\/\/cbl.org.br\/en\/wp-json\/wp\/v2\/types\/saiu_na_midia"}],"wp:attachment":[{"href":"https:\/\/cbl.org.br\/en\/wp-json\/wp\/v2\/media?parent=69787"}],"curies":[{"name":"wp","href":"https:\/\/api.w.org\/{rel}","templated":true}]}}

Jabuti Acadêmico: novo prêmio da Câmara Brasileira do Livro vai contemplar obras científicas
