{"id":67794,"date":"2023-12-08T17:18:29","date_gmt":"2023-12-08T20:18:29","guid":{"rendered":"https:\/\/cbl.org.br\/?post_type=saiu_na_midia&#038;p=67794"},"modified":"2023-12-08T17:18:29","modified_gmt":"2023-12-08T20:18:29","slug":"feira-internacional-do-livro-de-guadalajara-2023-contara-com-participacao-de-14-editoras-e-nove-autores-brasileiros","status":"publish","type":"saiu_na_midia","link":"https:\/\/cbl.org.br\/en\/saiu_na_midia\/feira-internacional-do-livro-de-guadalajara-2023-contara-com-participacao-de-14-editoras-e-nove-autores-brasileiros\/","title":{"rendered":"Feira Internacional do Livro de Guadalajara 2023 contar\u00e1 com participa\u00e7\u00e3o de 14 editoras e nove autores brasileiros"},"content":{"rendered":"","protected":false},"featured_media":0,"template":"","class_list":["post-67794","saiu_na_midia","type-saiu_na_midia","status-publish","hentry"],"acf":[],"_links":{"self":[{"href":"https:\/\/cbl.org.br\/en\/wp-json\/wp\/v2\/saiu_na_midia\/67794","targetHints":{"allow":["GET"]}}],"collection":[{"href":"https:\/\/cbl.org.br\/en\/wp-json\/wp\/v2\/saiu_na_midia"}],"about":[{"href":"https:\/\/cbl.org.br\/en\/wp-json\/wp\/v2\/types\/saiu_na_midia"}],"wp:attachment":[{"href":"https:\/\/cbl.org.br\/en\/wp-json\/wp\/v2\/media?parent=67794"}],"curies":[{"name":"wp","href":"https:\/\/api.w.org\/{rel}","templated":true}]}}

Feira Internacional do Livro de Guadalajara 2023 contará com participação de 14 editoras e nove autores brasileiros
