{"id":66989,"date":"2023-11-13T11:44:20","date_gmt":"2023-11-13T14:44:20","guid":{"rendered":"https:\/\/cbl.org.br\/?post_type=saiu_na_midia&#038;p=66989"},"modified":"2023-11-13T11:44:20","modified_gmt":"2023-11-13T14:44:20","slug":"audiencia-publica-sobre-lei-cortez-no-senado-indica-consenso-entre-setor-do-livro-e-classe-politica-publishnews","status":"publish","type":"saiu_na_midia","link":"https:\/\/cbl.org.br\/en\/saiu_na_midia\/audiencia-publica-sobre-lei-cortez-no-senado-indica-consenso-entre-setor-do-livro-e-classe-politica-publishnews\/","title":{"rendered":"Audi\u00eancia p\u00fablica sobre Lei Cortez no Senado indica consenso entre setor do livro e classe pol\u00edtica Publishnews"},"content":{"rendered":"","protected":false},"featured_media":0,"template":"","class_list":["post-66989","saiu_na_midia","type-saiu_na_midia","status-publish","hentry"],"acf":[],"_links":{"self":[{"href":"https:\/\/cbl.org.br\/en\/wp-json\/wp\/v2\/saiu_na_midia\/66989","targetHints":{"allow":["GET"]}}],"collection":[{"href":"https:\/\/cbl.org.br\/en\/wp-json\/wp\/v2\/saiu_na_midia"}],"about":[{"href":"https:\/\/cbl.org.br\/en\/wp-json\/wp\/v2\/types\/saiu_na_midia"}],"wp:attachment":[{"href":"https:\/\/cbl.org.br\/en\/wp-json\/wp\/v2\/media?parent=66989"}],"curies":[{"name":"wp","href":"https:\/\/api.w.org\/{rel}","templated":true}]}}

Audiência pública sobre Lei Cortez no Senado indica consenso entre setor do livro e classe política Publishnews
