{"id":66987,"date":"2023-11-13T11:36:14","date_gmt":"2023-11-13T14:36:14","guid":{"rendered":"https:\/\/cbl.org.br\/?post_type=saiu_na_midia&#038;p=66987"},"modified":"2023-11-13T11:36:14","modified_gmt":"2023-11-13T14:36:14","slug":"camara-brasileira-do-livro-anuncia-realizacao-do-premio-jabuti-academico","status":"publish","type":"saiu_na_midia","link":"https:\/\/cbl.org.br\/en\/saiu_na_midia\/camara-brasileira-do-livro-anuncia-realizacao-do-premio-jabuti-academico\/","title":{"rendered":"C\u00e2mara Brasileira do Livro anuncia realiza\u00e7\u00e3o do Pr\u00eamio Jabuti Acad\u00eamico"},"content":{"rendered":"","protected":false},"featured_media":0,"template":"","class_list":["post-66987","saiu_na_midia","type-saiu_na_midia","status-publish","hentry"],"acf":[],"_links":{"self":[{"href":"https:\/\/cbl.org.br\/en\/wp-json\/wp\/v2\/saiu_na_midia\/66987","targetHints":{"allow":["GET"]}}],"collection":[{"href":"https:\/\/cbl.org.br\/en\/wp-json\/wp\/v2\/saiu_na_midia"}],"about":[{"href":"https:\/\/cbl.org.br\/en\/wp-json\/wp\/v2\/types\/saiu_na_midia"}],"wp:attachment":[{"href":"https:\/\/cbl.org.br\/en\/wp-json\/wp\/v2\/media?parent=66987"}],"curies":[{"name":"wp","href":"https:\/\/api.w.org\/{rel}","templated":true}]}}

Câmara Brasileira do Livro anuncia realização do Prêmio Jabuti Acadêmico
