{"id":66971,"date":"2023-11-13T11:09:30","date_gmt":"2023-11-13T14:09:30","guid":{"rendered":"https:\/\/cbl.org.br\/?post_type=saiu_na_midia&#038;p=66971"},"modified":"2023-11-13T11:09:30","modified_gmt":"2023-11-13T14:09:30","slug":"2o-encontro-de-editores-livreiros-distribuidores-e-graficos-quer-aprofundar-discussoes-com-praticas-de-mercado","status":"publish","type":"saiu_na_midia","link":"https:\/\/cbl.org.br\/en\/saiu_na_midia\/2o-encontro-de-editores-livreiros-distribuidores-e-graficos-quer-aprofundar-discussoes-com-praticas-de-mercado\/","title":{"rendered":"2\u00ba Encontro de Editores, Livreiros, Distribuidores e Gr\u00e1ficos quer aprofundar discuss\u00f5es com pr\u00e1ticas de mercado"},"content":{"rendered":"","protected":false},"featured_media":0,"template":"","class_list":["post-66971","saiu_na_midia","type-saiu_na_midia","status-publish","hentry"],"acf":[],"_links":{"self":[{"href":"https:\/\/cbl.org.br\/en\/wp-json\/wp\/v2\/saiu_na_midia\/66971","targetHints":{"allow":["GET"]}}],"collection":[{"href":"https:\/\/cbl.org.br\/en\/wp-json\/wp\/v2\/saiu_na_midia"}],"about":[{"href":"https:\/\/cbl.org.br\/en\/wp-json\/wp\/v2\/types\/saiu_na_midia"}],"wp:attachment":[{"href":"https:\/\/cbl.org.br\/en\/wp-json\/wp\/v2\/media?parent=66971"}],"curies":[{"name":"wp","href":"https:\/\/api.w.org\/{rel}","templated":true}]}}

2º Encontro de Editores, Livreiros, Distribuidores e Gráficos quer aprofundar discussões com práticas de mercado
