{"id":57743,"date":"2022-10-31T09:51:45","date_gmt":"2022-10-31T12:51:45","guid":{"rendered":"https:\/\/cbl.org.br\/?post_type=saiu_na_midia&#038;p=57743"},"modified":"2022-11-01T09:52:07","modified_gmt":"2022-11-01T12:52:07","slug":"as-licoes-que-ficam-do-encontro-de-editores-livreiros-distribuidores-e-graficos","status":"publish","type":"saiu_na_midia","link":"https:\/\/cbl.org.br\/en\/saiu_na_midia\/as-licoes-que-ficam-do-encontro-de-editores-livreiros-distribuidores-e-graficos\/","title":{"rendered":"As li\u00e7\u00f5es que ficam do encontro de editores, livreiros, distribuidores e gr\u00e1ficos"},"content":{"rendered":"","protected":false},"featured_media":0,"template":"","class_list":["post-57743","saiu_na_midia","type-saiu_na_midia","status-publish","hentry"],"acf":[],"_links":{"self":[{"href":"https:\/\/cbl.org.br\/en\/wp-json\/wp\/v2\/saiu_na_midia\/57743","targetHints":{"allow":["GET"]}}],"collection":[{"href":"https:\/\/cbl.org.br\/en\/wp-json\/wp\/v2\/saiu_na_midia"}],"about":[{"href":"https:\/\/cbl.org.br\/en\/wp-json\/wp\/v2\/types\/saiu_na_midia"}],"wp:attachment":[{"href":"https:\/\/cbl.org.br\/en\/wp-json\/wp\/v2\/media?parent=57743"}],"curies":[{"name":"wp","href":"https:\/\/api.w.org\/{rel}","templated":true}]}}

As lições que ficam do encontro de editores, livreiros, distribuidores e gráficos
