{"id":61486,"date":"2023-03-31T11:57:35","date_gmt":"2023-03-31T14:57:35","guid":{"rendered":"https:\/\/cbl.org.br\/?post_type=nossos_associados&#038;p=61486"},"modified":"2023-03-31T11:57:35","modified_gmt":"2023-03-31T14:57:35","slug":"peter-rohl-edicao-e-comunicacao","status":"publish","type":"nossos_associados","link":"https:\/\/cbl.org.br\/en\/nossos_associados\/peter-rohl-edicao-e-comunicacao\/","title":{"rendered":"PETER ROHL EDI\u00c7\u00c3O E COMUNICA\u00c7\u00c3O"},"content":{"rendered":"<table width=\"205\">\n<tbody>\n<tr>\n<td style=\"font-weight: 400;\" width=\"205\">PETER ROHL\u00a0 EDI\u00c7\u00c3O E COMUNICA\u00c7\u00c3O<\/td>\n<\/tr>\n<\/tbody>\n<\/table>","protected":false},"featured_media":0,"template":"","class_list":["post-61486","nossos_associados","type-nossos_associados","status-publish","hentry"],"acf":[],"_links":{"self":[{"href":"https:\/\/cbl.org.br\/en\/wp-json\/wp\/v2\/nossos_associados\/61486","targetHints":{"allow":["GET"]}}],"collection":[{"href":"https:\/\/cbl.org.br\/en\/wp-json\/wp\/v2\/nossos_associados"}],"about":[{"href":"https:\/\/cbl.org.br\/en\/wp-json\/wp\/v2\/types\/nossos_associados"}],"wp:attachment":[{"href":"https:\/\/cbl.org.br\/en\/wp-json\/wp\/v2\/media?parent=61486"}],"curies":[{"name":"wp","href":"https:\/\/api.w.org\/{rel}","templated":true}]}}

PETER ROHL EDIÇÃO E COMUNICAÇÃO

<table width="205">
<tbody>
<tr>
<td style="font-weight: 400;" width="205">PETER ROHL  EDIÇÃO E COMUNICAÇÃO</td>
</tr>
</tbody>
</table>
